-14 - (-17 - (12 - 13) - -16).
-14
(-2 - -6) + 26 - 1
29
What is (-2 + 2 - -4) + (-5 - -5) + 2?
6
What is the value of -4 + 6 + -3 + -6 - -16?
9
What is 82 - 77 - (1 - 4 - -7)?
1
Calculate -4 - -7 - (46 + -24).
-19
What is -5 - (2 + 6 + -3)?
-10
Evaluate 15 + -5 + 15 + -8.
17
(0 + -5 + (2 - 4) - -11) + 4
8
Evaluate -15 + 23 + (-10 - (3 + -5)) - -20.
20
-5 + (-6 + 2 + 4 + 2 - 0)
-3
Calculate -1 - -19 - (4 + (6 - 14 - -5)).
17
Evaluate -12 - ((-1 - -32) + (-26 - -14)).
-31
What is the value of 18 - (-1 - (49 - 30))?
38
50 + -50 + -5 + -1
-6
Evaluate 18 - (28 - 10 - (-1 + 16)).
15
What is -11 + -33 + 23 + 36?
15
What is 1 + 2 + (-35 - -16) + 11?
-5
Evaluate 4 - (-3 + 8 + 0 + 8).
-9
What is the value of -8 + -9 + 32 + -13?
2
3 - -2 - (6 + 6 - 10)
3
Calculate -5 + 3 + -14 + 9.
-7
Evaluate 0 - -1 - (-114 - -114).
1
Calculate -7 + (-34 - -30) + (-10 - (3 + -5)).
-19
Evaluate 57 - 49 - (7 + -8 - 11).
20
What is 7 + (-1 - (0 - -1)) + (444 - 448)?
1
(23 - (2 + 12)) + -20
-11
What is the value of -18 + -38 + 18 + 52?
14
What is the value of 9 + -20 - (-55 + 38)?
6
Calculate (-2 - 11) + 119 + -114.
-8
Calculate 8 + (17 - 34) + 6.
-3
What is 6 + -3 + 7 + (-6 - -3)?
7
What is the value of (1 - (-21 - -1)) + (526 - 526) - -2?
23
Evaluate 8 - (25 + -54 + 22).
15
Evaluate 0 + -22 - ((4 - 1) + -9).
-16
Calculate 72 + -58 + (41 - 19).
36
Calculate 17 - (11 + 26 + -4).
-16
Evaluate 5 + -4 + 3 + -1279 + 1301.
26
What is -4 + 3 - ((-8 + -3 - -5) + 13)?
-8
Calculate -3 + (14 - (-2 + -4 + -30 + 43)).
4
Evaluate 3 - (-17 + (22 + 0 - 10)).
8
Evaluate (-540 - -549) + (-1 - 15).
-7
What is the value of -4 + (0 - -13) + -19?
-10
-7 + 22 + (-11 - 9)
-5
(-12 - -1) + -1 + 27 + -31
-16
What is (162 - 196) + (-3 - 1)?
-38
What is the value of -2 - (6 - 9) - 0?
1
What is (279 - 268) + (-27 - (0 - 0))?
-16
Evaluate 21 - (21 + (-5 - 9)).
14
Calculate 6 - ((-13 - -10) + (2 - -1)).
6
Calculate 262 + -255 - (11 - -1).
-5
What is 2 - (0 + 13) - (-33 + 11 + 4)?
7
What is the value of -30 + (25 - 10) - (1 + 1)?
-17
-1 + 14 + (21 - 16) - (-8 + 14)
12
(-15 - (-2 - 1)) + (9 - 20 - -17)
-6
Evaluate -3 + 74 + (-48 - -7).
30
Evaluate -19 - (-3 - 18 - -19).
-17
What is the value of 2 + 2 + (-310 - -311)?
5
Calculate 0 + 6 - (-55 - -60).
1
What is the value of 9 - ((21 - 12) + (-7 - 2))?
9
Calculate (6 - 2) + (-6 - -2 - 1 - 1).
-2
What is 0 - (-5 - -7) - (9 + -9)?
-2
What is (27 - (41 - 18)) + (-1 - -5) - -20?
28
157 + -170 + -4 + 3 + -8
-22
Calculate 4 - ((5 - (8 + -9)) + 9).
-11
What is -1 + -5 + -2 + (-8 + -21 - -55)?
18
Calculate 8 - 16 - (1 - 1).
-8
Calculate 6 - (2 + -4 + 1) - (-1493 + 1484).
16
What is (11 - -7) + -22 - -14?
10
Calculate 8 + -10 + 0 + (5 - 5).
-2
Evaluate 31 - (12 - 0) - 11.
8
Evaluate -677 + 684 - (23 - -1).
-17
Calculate -2 - 1 - (11 - (30 - 14)).
2
Evaluate 5 + -11 + 20 + -23 + -7.
-16
Evaluate 351 + -364 + (3 - 4).
-14
What is the value of -2 - (-4 - (-1 - -2) - (-27 - -29))?
5
Calculate -1 + -24 + (13 - (15 - -7 - 9)).
-25
4 + 13 - (-17 + 0)
34
Evaluate -13 + -11 + (26 - 14).
-12
What is 17 + (-12 - -18) + -6?
17
Evaluate (2 - 7) + -10 - (2 + 0 + 3).
-20
-8 + 12 + -25 + 13 - (9 - 2)
-15
What is the value of -4 - ((0 - (15 - 1)) + 6)?
4
(-21 - -10) + -13 + 12 + -3
-15
Evaluate -1 - ((12 - -4) + -2).
-15
Evaluate 10 - (14 - (2 - 0)).
-2
What is -7 - (-1 - 7) - 14?
-13
What is -15 + 21 - (-2 + 0 + (-8 - -5))?
11
What is the value of 0 + (-3 + -6 - -4) + (-11 - -2)?
-14
Evaluate (-14 + -1 - -27) + -10.
2
What is -12 + 56 + -4 + (-5 - 8)?
27
3 + (2 - -6 - (20 - 13))
4
What is the value of (-17 - (-44 - -15)) + (3 - -1)?
16
Calculate -10 - (1 - (-12 - (-5 + -8))).
-10
(-1 - -7 - 9) + -2 - (-1 + 19)
-23
Evaluate 17 + -2 - (-135 + 138).
12
Calculate (-20 - -67 - 49) + 38.
36
Evaluate -2 + 2 + -5 - (32 + (-42 - -22)).
-17
What is the value of 14 + -11 + 0 + 2 + -18?
-13
Calculate (38 - 44) + (2 + -6 - 2).
-12
12 + 5 - 29 - 4
-16
What is the value of -42 + -32 + 65 + -14?
-23
Calculate -7 + -18 + 58 + -51.
-18
0 - 4 - (-36 + 28) - (3 + 0)
1
Calculate 8 + -16 + (18 - 1).
9
Calculate -28 + 18 + 1 + 4 + (-3 - -1).
-7
What is (39 - 22) + (-3 - 6) + 1?
9
What is (-8 - (7 + -14)) + 8 + -2 + 8?
13
What is the value of 10 + (9 - (5 + 14 + -12))?
12
Evaluate 7 - (-3 - 1) - (56 + -66).
21
What is the value of -3 - 8 - (-6 - 10)?
5
What is the value of 5 - (4 + 0 + 210 + -193)?
-16
What is the value of 35 + (4 - (-24 + 45))?
18
(2 - -14) + (3 - -1 - (31 - 28))
17
-25 + (32 - 26) + 14
-5
What is the value of -6 + (1 - -22) + -1 + 0?
16
Calculate 7 - (-12 + 20 + -4 - 9).
12
What is 69 - (19 - (-64 + 37))?
23
What is the value of -4 - (8 - 29 - -7) - 5?
5
Evaluate 16 + -1 + -170 + 88 + 94.
27
What is the value of (42 - (-9 - (-2 - -4))) + -15?
38
Calculate 40 - ((15 - (-1 + 3)) + 2).
25
Calculate 0 + (-4 - 3) + -7 + 24 + 2.
12
Calculate -7 + (22 + 3 - 18).
0
What is -7 + (-3 - -3 - (-2 + -7 + 14))?
-12
Evaluate 25 - -11 - 39 - (-20 - (0 + -1)).
16
Evaluate 7 - (4 + 40 + -10 + -1).
-26
What is -13 - (-26 + -3 - -15)?
1
1 + 19 + -42 + 22
0
What is the value of -20 - (1 - 5 - (-429 + 427))?
-18
What is -9 - (-2 + (1 - -9) + -3)?
-14
Calculate -5 - -24 - (3 - -3 - (7 - 7)).
13
What is the value of 4 - 14 - -15 - (-17 - -11)?
11
-21 - (-42 + (30 - 1))
-8
Calculate (-116 - -128) + (3 - 5).
10
-6 + (5 + 6 - (-5 + 5))
5
Evaluate -8 - (-24 + (32 - 28) - (2 - 11)).
3
Calculate 45 + -20 + 3 + -14.
14
What is the value of 4 + (6 - 12) + 7 - (-21 - -1)?
25
What is the value of (12 - 0) + 1 + -44 + 37?
6
Calculate 15 - (1 - 1) - (-84 + 85).
14
Evaluate -38 + 35 + -10 + 5 + 1.
-7
Evaluate (-2 - (2 + -4)) + 29 + -13 + -13.
3
Evaluate -59 + 82 - (6 - (7 - 5) - -2).
17
What is -15 + 1 + (14 - -12 - 1)?
11
What is the value of -8 - (0 - (-27 - (-20 - -10)))?
-25
What is the value of -4 - (11 + (-21 - -12))?
-6
Calculate 21 + -38 + 9 + (3 + 1 - 0).
-4
What is (2 + -2 - (-12 + 8)) + -9 - -6?
1
8 + (-8 - -23) + -21
2
What is the value of 477 + -481 - (3 + (-1 - (2 + -4)))?
-8
Evaluate 46 - (26 + -8) - 21.
7
Calculate 16 + 0 + 5 + 3 + -1.
23
Calculate -16 - (-13 + 7) - -27.
17
17 + (-8 - (13 - 8 - 8)) + -8
4
What is the value of (-54 + 54 - (0 + 11)) + 2?
-9
-18 + (12 + -10 - -9)
-7
Calculate 11 - (-1 + (-3 - -4 - -6)) - -10.
15
What is the value of 1 - (-11 + 2) - (-2697 + 2701)?
6
What is the value of (10 - 0) + (-13 - (-13 + -16))?
26
Evaluate (-9 - -22) + -11 - (-1 - (-1 - -4)).
6
10 + 1 + (22 - 43)
-10
Evaluate 13 + -6 + 1 - (-8 + 41 + -11).
-14
What is 3 - 1 - (-6 - (6 + 2 + -11))?
5
What is 685 + -683 + -2 + -3?
-3
Calculate -19 - (-1 + 0 + -14 + (-50 - -58)).
-12
2 - 21 - ((-7 - -27) + (-61 - -39))
-17
Calculate -1 + 0 + 1 - (32 + -20).
-12
Calculate -14 - 1 - (-1 - 1) - (16 - 7).
-22
What is 10 + (-9 - (2 - 1)) + -11?
-11
-35 + 25 + (25 - -12)
27
Calculate -8 + -2 + (-6 - -5 - 5) + 5.
-11
What is -2 + 4 - (-18 - -25)?
-5
Calculate -6 + 0 + (-3 - -4) + 6 + -7.
-6
Calculate -6 + (20 + -3 - -1).
12
Evaluate (-8 - -27) + (4 - (-2 + 6)) - 7.
12
Calculate -10 + 10 - (-22 - (-4 + 2)) - -2.
22
What is 4 + -4 - (6 + -11) - (0 + 12)?
-7
What is 9 + -5 + 6 + -5 + -1?
4
Calculate -7 - (-5 + (8 - (-9 + 16 + 2))).
-1
-4 + (2 - -9) + 12 + -7
12
Evaluate 1 + (18 + -9 - 9) - (-2 + 1).
2
Calculate 5 - (1 + -1) - (-11 + 24).
-8
What is 0 + 4 + (29 + -2 - 5 - 14)?
12
What is the value of -326 + 330 + 1 + 0 + -10?
-5
What is -1 - (4 + 20 + -9)?
-16
(11 - 19) + 9 - 16 - -6
-9
What is the value of 0 + (-2 - 2 - (-24 + 24))?
-4
Evaluate 1 - (-15 - 2) - (0 + -5 + 8).
15
What is 67 + -67 - (-5 + 2)?
3
Evaluate (-1 + 35 - 31) + (-2 - 0).
1
What is the value of 9 - (-12 - ((14 - 10) + 3))?
28
Calculate (11 - -23) + -6 + -15.
13
Evaluate 2 + (-1 - 13) - (-17 + -7 - -17).
-5
Evaluate (2 - (1 + -1)) + 118 + -105.
15
-5 + 1 - -6 - ((-10 - -3) + -1)
10
What is the value of -440 - -455 - (-5 - 0)?
20
Calculate -7 + 2 + (-11 - -16).
0
What is the value of (19 - 25) + 6 + -2 + 0?
-2
Calculate (-4 - -7) + (-26 + 13 - -1).
-9
What is the value of (35 - 58) + 45 + -35?
-13
What is the value of 3 + (-15 - -12 - 0)?
0
What is the value of -10 + -9 + 16 + (1 - -7)?
5
What is the value of -1 + (27 - 1) - (-35 + (139 - 95))?
16
What is the value of -11 - (-33 - (-7 + -5))?
10
What is the value of 12 + -22 + 9 - (2 - 13)?
10
Calculate (1 - 0